 4*k = 5*r + 5. Let h(x) = -7*x**2 + k*x**3 - 5*x + x**3 + 2 + 3*x**2. What is h(5)?
2
Suppose o - 84 = 38. Let a(r) = -2*r**3 + o*r**2 - 115*r**2 + 3*r**3 + 9 + 10*r. Calculate a(-6).
-15
Suppose -i = 3*i - w - 3, i = 2*w - 8. Let r(j) = 2*j**3 + 19*j - j**i - 12*j - 6 - j**3 + 9*j**2. Determine r(-7).
-6
Let f(l) = 5*l + 9*l**2 - l**3 - 3 + 12 + 2*l**3 - 5*l**2 + 13. What is f(-4)?
2
Let f(o) be the third derivative of -o**4/24 - 2*o**3/3 + 13*o**2. Suppose -8*l + 4*l + 60 = 0. Suppose r - l = 4*r. Give f(r).
1
Let t be 8/18*36/8. Suppose 5 = n + t*s, -4*n - 45 = -2*s - 3*s. Let d be (-128)/(-20) - (-2)/n. Let u(z) = -z**3 + 6*z**2 + z - 3. Calculate u(d).
3
Let i(r) = 2 - 2 + 0 + 3 - 4*r. Suppose 2*h + 62 = 12. Let q be (-2)/5 - 85/h. Give i(q).
-9
Let p(j) = -3*j - 3. Let y be p(-4). Let u(t) = t - 8. Let f be u(y). Let r(o) = 0*o**2 - 2*o + 2*o**2 + 244*o**3 + 1 - 245*o**3. Calculate r(f).
0
Let c be (-5 + 10 + -5)/(-2). Let x(d) = -d**2 - 16. Give x(c).
-16
Suppose -3*u + 7 = -2. Let n(p) = 2 + 8*p**2 - u*p + 5*p**2 - 11*p**2 - 3. Determine n(3).
8
Let n be 5*(-14)/(-245)*7. Let h(u) = 4*u**2 + 4*u - 2. Calculate h(n).
22
Suppose -m + 3 + 0 = 0. Let s(n) = -2*n + 15 - 13 + m*n. Give s(-3).
-1
Let t(c) = -c - 7. Suppose 9*y = 5*y + s - 84, 2*y + 42 = 2*s. Calculate t(y).
14
Let m(q) = q**3 - 3*q**2 + 3*q. Suppose 0*s - 9 = -3*s. Let c be m(s). Let o(g) = -3*g - 2*g + c*g - g**3 - g**2. Determine o(-3).
6
Let x(p) be the third derivative of p**5/60 + 17*p**4/24 + 29*p**3/6 + p**2 + 9*p. Give x(-16).
13
Suppose 50*c + 67 + 83 = 0. Let y(m) = -2*m**2 + 3*m + 1. Give y(c).
-26
Suppose 4*h + 1 = y + 6, -2*y - 10 = 4*h. Let t(g) = g - 4*g + h*g + 3 + 4*g. What is t(-4)?
-1
Let g(p) = 2*p + 37. Suppose 13*y + 75 = -5*b + 18*y, -b + 3*y - 17 = 0. What is g(b)?
9
Let d(l) = -30*l**2 + 55*l**2 - 23*l**2. Give d(-1).
2
Suppose 3*j = -j + 56. Let h(n) = 2*n - 9 + 3 + j. Calculate h(-6).
-4
Let j(v) = v + 1. Let m(g) = 4*g + 2. Let q(h) = -8*h - 4. Let b(c) = -5*m(c) - 3*q(c). Let u(k) = b(k) - 5*j(k). Let y be (-37)/(-6) - 2/12. Determine u(y).
-9
Let c be (-16 + (-117)/(-6))*12/(-7). Let y(u) = u**2 + 2*u - 4. Calculate y(c).
20
Let d(p) = 3 + 22 - 28*p + 30*p. Calculate d(-13).
-1
Let r(a) = -a**3 + a**2 + a - 8. Let y(m) = m**3 - 2*m**2 - 11*m + 12. Let i be y(4). What is r(i)?
-8
Let l(o) = o**3 - 8*o**2 + 13*o + 4. Suppose -178*c + 197*c - 114 = 0. Give l(c).
10
Suppose 4*l - 48 = -c, 21 = l - 3*c - 4. Let m(o) = -o**3 + 14*o**2 - 12*o - 17. Let w be m(l). Let j(t) = 2 + 0*t**2 + t - t**3 - 4*t**2 + 0. Give j(w).
-2
Let u(j) be the second derivative of j**5/20 + j**4/2 + 7*j**3/6 - 261*j. Calculate u(-5).
-10
Let f be (-1 - (-15)/(-9))*3. Let y = f + 11. Let w(l) = -y*l + 0*l**3 - 3*l + 2*l**3 + 4*l. Determine w(-2).
-12
Let b(o) = -o**3 + 5*o**2 - 3*o - 2. Suppose -16*f + 4*f = -24. Let k be 0 - (0 - (6 - f)). What is b(k)?
2
Let g(j) = 2*j**2 - j - 3. Suppose -3*z + 13 - 7 = 0. What is g(z)?
3
Let h(k) = 11*k**3 - 2*k**2 + 1. Let l(s) = 11*s**2 - 42*s**3 - 6 + s - 14*s**3 - 2*s. Let j(m) = 11*h(m) + 2*l(m). Suppose -8*y + 3 = 11. Calculate j(y).
-8
Let p(g) = -3*g**3 - 2*g**2 + 4*g + 7. Let r(t) = t**2 - 33*t + 160. Let u be r(6). Calculate p(u).
15
Let r = -20 - 16. Let t be (2/4)/(147/r + 4). Let p(a) = -a - 3. What is p(t)?
3
Let k(t) = 4 - 5 + 2*t**2 + t + t. Suppose -3*b - 330 = -324. Determine k(b).
3
Let x(u) = 166 - 78 - u - 86. Calculate x(10).
-8
Let u(a) = -5*a - 79. Let c be u(-17). Let w(d) be the second derivative of -d + d**3 - 3/2*d**2 - 1/12*d**4 + 0. Determine w(c).
-3
Let w(f) = f**3 - 7*f**2 + 5*f. Let o be (-24)/18 - (-2)/6. Let s be (-2)/(o + 12/20). Suppose s + 13 = 3*r. Determine w(r).
-6
Let a(w) = w**2 - 7*w - 12. Let g(j) = -5*j**2 + 27*j + 49. Let z = 70 + -79. Let v(m) = z*a(m) - 2*g(m). Calculate v(-7).
-4
Suppose 9*c = 8*c. Let k be 0/(12/4 - 5). Let i(m) = c + k*m**2 - m**2 + 3*m + 3. What is i(3)?
3
Let s(g) = -3*g**2 - 24*g - 23. Let j be s(-7). Let r(i) = i**2 + 4*i + 3. What is r(j)?
-1
Suppose -4*j = -i - 18, j - 1 - 4 = 0. Let c(z) = -3*z + 51 - 43 + i*z. What is c(7)?
1
Let o(h) = -h**3 + 5*h**2 - h + 5. Let c(t) = 3*t - 97. Let x be c(34). What is o(x)?
0
Let i(p) = -p. Let a be 4/(12/(-31))*-3. Let d = 35 - a. What is i(d)?
-4
Let x(m) = m**3 - 6*m**2 - 35*m + 6. Let o be x(10). Suppose -o*j + 55*j = 5. Let v(l) = l**3 + 6*l**2 + l + 1. Calculate v(j).
21
Let l(p) be the second derivative of p**5/20 + p**4/3 - p**3/2 + 5*p**2/2 + 2*p. Let q(f) = 2*f**2 - 7*f + 6. Let y be q(4). Suppose -y = x + x. Determine l(x).
-5
Let n(w) = 56*w - 3 - 17*w - 13 - 22*w - 15*w. What is n(14)?
12
Let u(m) = -m**2 + 27*m - 79. Let c(p) = 43*p + 626. Let n be c(-14). Give u(n).
-7
Let b(l) be the third derivative of -l**5/60 + 5*l**4/8 + 3*l**3 + 73*l**2. What is b(16)?
2
Let x(h) = 16*h - 10. Let m be x(1). Let j(a) = a**2 - 6*a + 5. Determine j(m).
5
Suppose 7*x - 11 = 38. Let s(a) = -x*a + 1 - 4*a**2 + 0*a + 5*a**2. Suppose 5*m = 2 + 23. Calculate s(m).
-9
Let d(a) be the first derivative of 9*a**2/2 - 3*a + 124. What is d(1)?
6
Let u(f) = 2*f**2 + 5*f - f**2 + f - 12*f + 9 + 17*f. Determine u(-8).
-15
Let q be (32/(-8))/(0/1 - 2). Let i(v) = -5*v**q + 1951 - 1952 + 2*v**2. Let t = -4 - -2. Determine i(t).
-13
Let i(w) = 5*w**2 - 2*w - 1. Let c(z) = -7*z**3 - 19*z**2 + 7*z + 5. Let d(m) = -c(m) - 4*i(m). Suppose 9 = 7*t - 2*t - 4*q, 3 = 5*t + 2*q. Give d(t).
6
Let s be (6/7)/(6/(-42)). Let j(y) = 4*y**3 + 3*y**2 + 2*y - 6. Let f(b) = 5*b**3 + 4*b**2 + 2*b - 7. Let q(g) = s*j(g) + 5*f(g). Let o = -1 + -1. Give q(o).
5
Let x(w) = 46*w + 277. Let g be x(-6). Let a(o) = 4*o + 2. Calculate a(g).
6
Let b = 52 + -46. Let c(i) = 6*i - 2*i - 6 + b. Determine c(-5).
-20
Suppose -3*w = -21*w - 36. Let a(j) be the second derivative of -j**5/20 + j**4/12 - j**3/3 - j**2/2 + 3*j. Calculate a(w).
15
Let p be 1 + (-1)/(5/(-25)). Let u(d) = d - 1 - 6*d - 2*d + 4*d - p*d**2 - d**3. Determine u(-2).
-11
Let p(k) = k**3 - 4*k**2 - 9*k**2 - 5 - k**2. Let n be p(14). Let h(i) = 2*i - 4. Determine h(n).
-14
Let b(w) = 5*w - 99. Let q be (-240)/(-11) + -8*(-2)/88. Calculate b(q).
11
Let b(g) = 20*g - 77*g + 29*g - 2 + 20*g. What is b(-1)?
6
Let t(b) be the third derivative of b**5/60 - b**4/24 - 7*b**3/3 + 35*b**2. What is t(5)?
6
Let c(x) = 4*x + 5. Let v(a) = -2*a - 3. Let d(p) = 6*c(p) + 10*v(p). Let z = -22 - -21. Let m be (1 + -2)/(z/2). Calculate d(m).
8
Let c(q) be the first derivative of -q**4/4 - 3*q**3 + 3*q**2/2 + 291. Determine c(-9).
-27
Let p be (1 + 1 - -1) + 0. Let j(z) = z**2 - 8*z + 4. Let u(v) = v**2 - 7*v + 4. Let k(h) = 3*j(h) - 4*u(h). Determine k(p).
-1
Suppose 4*q + 39 = 2*a + a, 5*q + 4*a = -41. Let i(r) = r**3 + 9*r**2 + 4. Calculate i(q).
4
Let v = 705 - 704. Let r be 0/(2/(3 - 1)). Let u(y) = 1 - 3*y + 0*y + r. Determine u(v).
-2
Let h(z) = 2*z - 8. Let u(y) = -y + 3. Let w(k) = -6*h(k) - 17*u(k). Calculate w(-3).
-18
Let t be (-4)/6*(-9)/(-3). Let g = -11 - t. Let n be 3*(2 + 3/g). Let x(z) = z**3 - 3*z**2 - 6*z - 7. Give x(n).
13
Let m(x) = -11*x + 163. Let o be m(15). Let u(d) = -3*d**3 - 2*d**2 + d + 1. Determine u(o).
15
Let g(c) be the second derivative of -7*c**3/6 + 5*c**2 + 115*c. Determine g(7).
-39
Let k(a) = 7*a**3 + 4*a**2 + 2*a - 1. Let t be k(-1). Let o(f) = -f**2 - 9*f - 6. Determine o(t).
12
Let m(n) = n**3 - 7*n**2 - 9*n + 11. Let v be m(8). Let s(k) be the first derivative of -k**2/2 + 4*k - 118. Give s(v).
1
Let c(h) = 3*h - 20 - 4*h + 29 + h**2 - 5. What is c(6)?
34
Let c(l) = l**3 + l**2 - l. Suppose -3*g + 15 = 4*o, -2*o = -2 - 4. What is c(g)?
1
Let h(u) be the third derivative of u**5/60 + u**4/24 + 11*u**3/6 + 192*u**2. Give h(0).
11
Let z be (0/(-3))/(1 - 0). Let m(u) = -4 - 4*u + z*u + u + 2*u. What is m(-4)?
0
Let s be ((-8)/5)/((-18)/45). Suppose s*z = 26 - 10. Let g(n) = 1 - 1 - z + 5 - 2*n. Calculate g(2).
-3
Let t be (-2)/9 + (-33)/(-27). Let i be (1 + (-5 - -3))/t. Let v be i - -3*(-8)/(-6). Let q(u) = 2*u + 4. Determine q(v).
10
Let a(t) = -1. Let i(z) = 2*z**2 + 2*z + 10. Let r(o) = 12*a(o) + i(o). Suppose 2*n + 5*s = -1, 2*n + 28*s = 27*s - 5. Calculate r(n).
10
Let y(m) = m + 3. Let u(w) = 5 + 0 + 4 + 1 + 4*w. Let a(v) = -4*u(v) + 14*y(v). Let j(t) = t**2 + 10*t + 12. Let 